der when 879016 is divided by 303?
13
What is the remainder when 73663 is divided by 407?
403
Calculate the remainder when 97905 is divided by 12236.
17
What is the remainder when 22521 is divided by 5622?
33
Calculate the remainder when 57265 is divided by 303.
301
Calculate the remainder when 380338 is divided by 36.
34
What is the remainder when 167897 is divided by 288?
281
Calculate the remainder when 12486 is divided by 3118.
14
Calculate the remainder when 9381 is divided by 4665.
51
What is the remainder when 3361 is divided by 1517?
327
Calculate the remainder when 184334 is divided by 781.
18
What is the remainder when 71113 is divided by 16?
9
What is the remainder when 821 is divided by 395?
31
What is the remainder when 2859 is divided by 21?
3
What is the remainder when 13782 is divided by 6?
0
Calculate the remainder when 4855989 is divided by 29.
26
Calculate the remainder when 10117 is divided by 247.
237
Calculate the remainder when 55 is divided by 29.
26
Calculate the remainder when 136802 is divided by 1424.
98
What is the remainder when 5718 is divided by 100?
18
What is the remainder when 147110 is divided by 7?
5
Calculate the remainder when 17168 is divided by 35.
18
Calculate the remainder when 3934 is divided by 328.
326
Calculate the remainder when 98597 is divided by 232.
229
What is the remainder when 51273 is divided by 1508?
1
What is the remainder when 4429 is divided by 4295?
134
What is the remainder when 70417 is divided by 14?
11
What is the remainder when 27295 is divided by 1050?
1045
What is the remainder when 8597 is divided by 187?
182
Calculate the remainder when 377 is divided by 122.
11
Calculate the remainder when 27165 is divided by 204.
33
What is the remainder when 1130469 is divided by 8?
5
What is the remainder when 60190 is divided by 7?
4
Calculate the remainder when 8232 is divided by 2729.
45
Calculate the remainder when 7137 is divided by 47.
40
Calculate the remainder when 122 is divided by 14.
10
Calculate the remainder when 36734 is divided by 1930.
64
Calculate the remainder when 352845 is divided by 39201.
36
Calculate the remainder when 1833 is divided by 338.
143
Calculate the remainder when 1908 is divided by 108.
72
What is the remainder when 12523 is divided by 390?
43
What is the remainder when 76306 is divided by 2631?
7
Calculate the remainder when 451894 is divided by 114.
112
Calculate the remainder when 40422 is divided by 10100.
22
Calculate the remainder when 1461 is divided by 58.
11
What is the remainder when 180790 is divided by 9?
7
Calculate the remainder when 1719 is divided by 159.
129
What is the remainder when 1459 is divided by 158?
37
Calculate the remainder when 43997 is divided by 1047.
23
Calculate the remainder when 4821 is divided by 1601.
18
Calculate the remainder when 11267 is divided by 11233.
34
Calculate the remainder when 49947 is divided by 83.
64
What is the remainder when 71814 is divided by 1086?
138
What is the remainder when 9643 is divided by 86?
11
Calculate the remainder when 387 is divided by 1.
0
Calculate the remainder when 13091 is divided by 3253.
79
What is the remainder when 14668 is divided by 505?
23
Calculate the remainder when 39974 is divided by 2488.
166
Calculate the remainder when 2611582 is divided by 18.
16
Calculate the remainder when 1974 is divided by 135.
84
Calculate the remainder when 71595 is divided by 64.
43
What is the remainder when 10834 is divided by 3611?
1
Calculate the remainder when 4684 is divided by 964.
828
What is the remainder when 558 is divided by 108?
18
Calculate the remainder when 4688 is divided by 124.
100
Calculate the remainder when 1315956 is divided by 8.
4
Calculate the remainder when 28718 is divided by 14257.
204
What is the remainder when 34894 is divided by 658?
20
Calculate the remainder when 5885 is divided by 487.
41
What is the remainder when 7660 is divided by 366?
340
What is the remainder when 394739 is divided by 28?
23
What is the remainder when 6368 is divided by 266?
250
What is the remainder when 1894098 is divided by 1998?
1992
What is the remainder when 6029 is divided by 20?
9
What is the remainder when 186701 is divided by 152?
45
What is the remainder when 1043494 is divided by 173914?
10
Calculate the remainder when 7263217 is divided by 10.
7
What is the remainder when 42578 is divided by 1151?
1142
What is the remainder when 8792 is divided by 8792?
0
What is the remainder when 341680 is divided by 170836?
8
What is the remainder when 1358 is divided by 1014?
344
What is the remainder when 274039 is divided by 150?
139
Calculate the remainder when 1308842 is divided by 21.
17
Calculate the remainder when 675 is divided by 248.
179
Calculate the remainder when 27097 is divided by 3870.
7
Calculate the remainder when 56357 is divided by 59.
12
What is the remainder when 311 is divided by 203?
108
What is the remainder when 959862 is divided by 87?
78
Calculate the remainder when 6635 is divided by 1322.
25
Calculate the remainder when 13413 is divided by 13397.
16
Calculate the remainder when 52243 is divided by 173.
170
What is the remainder when 94516 is divided by 11812?
20
What is the remainder when 10350 is divided by 446?
92
What is the remainder when 35164 is divided by 17562?
40
What is the remainder when 298926 is divided by 39?
30
What is the remainder when 10329 is divided by 152?
145
What is the remainder when 527532 is divided by 98?
96
What is the remainder when 79247 is divided by 92?
35
Calculate the remainder when 11003 is divided by 424.
403
What is the remainder when 28821 is divided by 28783?
38
What is the remainder when 1879 is divided by 94?
93
Calculate the remainder when 3029 is divided by 992.
53
Calculate the remainder when 49416 is divided by 24699.
18
Calculate the remainder when 473493 is divided by 436.
433
Calculate the remainder when 155527 is divided by 17.
11
Calculate the remainder when 441 is divided by 399.
42
What is the remainder when 937 is divided by 660?
277
What is the remainder when 15157 is divided by 84?
37
What is the remainder when 134990 is divided by 52?
50
What is the remainder when 9396 is divided by 469?
16
What is the remainder when 18071 is divided by 48?
23
Calculate the remainder when 1863 is divided by 332.
203
What is the remainder when 4178 is divided by 1038?
26
What is the remainder when 21650 is divided by 327?
68
Calculate the remainder when 22551 is divided by 7499.
54
Calculate the remainder when 2333 is divided by 768.
29
What is the remainder when 57740 is divided by 19228?
56
What is the remainder when 921 is divided by 227?
13
Calculate the remainder when 161785 is divided by 91.
78
What is the remainder when 44446 is divided by 21?
10
Calculate the remainder when 34964 is divided by 27.
26
Calculate the remainder when 16787 is divided by 115.
112
What is the remainder when 153909 is divided by 88?
85
What is the remainder when 97111 is divided by 8?
7
Calculate the remainder when 105309 is divided by 55.
39
What is the remainder when 432 is divided by 112?
96
What is the remainder when 652 is divided by 605?
47
What is the remainder when 2504 is divided by 108?
20
What is the remainder when 106055 is divided by 22?
15
What is the remainder when 3237 is divided by 954?
375
Calculate the remainder when 1753 is divided by 28.
17
What is the remainder when 5097 is divided by 274?
165
What is the remainder when 13959 is divided by 8?
7
What is the remainder when 5231 is divided by 1720?
71
What is the remainder when 906378 is divided by 48?
42
Calculate the remainder when 271 is divided by 90.
1
What is the remainder when 23802 is divided by 5927?
94
Calculate the remainder when 1654816 is divided by 13.
7
Calculate the remainder when 84122 is divided by 42057.
8
Calculate the remainder when 1112 is divided by 241.
148
Calculate the remainder when 133316 is divided by 4937.
17
What is the remainder when 5405 is divided by 1338?
53
Calculate the remainder when 142700 is divided by 10.
0
What is the remainder when 2525 is divided by 843?
839
Calculate the remainder when 14923 is divided by 14919.
4
Calculate the remainder when 22244 is divided by 601.
7
Calculate the remainder when 2650 is divided b